e tens digit of 766583416?
1
What is the ten thousands digit of 45377091?
7
What is the hundred millions digit of 436070172?
4
What is the hundreds digit of 2121414171?
1
What is the hundred millions digit of 1893888692?
8
What is the millions digit of 5324534366?
4
What is the ten thousands digit of 995364167?
6
What is the units digit of 117780650?
0
What is the units digit of 546360117?
7
What is the hundred thousands digit of 4593100102?
1
What is the hundred millions digit of 422267926?
4
What is the hundred millions digit of 3044879263?
0
What is the ten thousands digit of 29949318?
4
What is the units digit of 1043794946?
6
What is the thousands digit of 731650847?
0
What is the tens digit of 342576693?
9
What is the hundred thousands digit of 749376147?
3
What is the ten thousands digit of 2183935895?
3
What is the millions digit of 2023035893?
3
What is the ten thousands digit of 448043781?
4
What is the hundreds digit of 32849768?
7
What is the tens digit of 1561064900?
0
What is the tens digit of 273488568?
6
What is the units digit of 177440935?
5
What is the units digit of 141478985?
5
What is the ten thousands digit of 39891579?
9
What is the hundred thousands digit of 124463111?
4
What is the millions digit of 140831080?
0
What is the thousands digit of 1900368?
0
What is the thousands digit of 179367050?
7
What is the ten millions digit of 16356393?
1
What is the hundred thousands digit of 3169286619?
2
What is the hundred millions digit of 2267838621?
2
What is the tens digit of 1979991908?
0
What is the units digit of 281775287?
7
What is the units digit of 122619735?
5
What is the units digit of 208187750?
0
What is the tens digit of 268900848?
4
What is the thousands digit of 47211329?
1
What is the hundred thousands digit of 90602425?
6
What is the tens digit of 845478721?
2
What is the millions digit of 16436365?
6
What is the hundred thousands digit of 910507835?
5
What is the millions digit of 160794028?
0
What is the thousands digit of 884780431?
0
What is the thousands digit of 28442679?
2
What is the hundred thousands digit of 89374798?
3
What is the hundreds digit of 211210874?
8
What is the hundred millions digit of 477831218?
4
What is the ten millions digit of 916415406?
1
What is the thousands digit of 331626508?
6
What is the units digit of 56170955?
5
What is the ten millions digit of 54895092?
5
What is the ten thousands digit of 6451038056?
3
What is the ten thousands digit of 12873536?
7
What is the units digit of 95699848?
8
What is the tens digit of 235702727?
2
What is the tens digit of 1100583?
8
What is the units digit of 6068018885?
5
What is the tens digit of 889835714?
1
What is the tens digit of 2781983414?
1
What is the thousands digit of 1546545713?
5
What is the units digit of 1648855762?
2
What is the millions digit of 1752707965?
2
What is the ten thousands digit of 29860090?
6
What is the thousands digit of 96855066?
5
What is the tens digit of 6063026?
2
What is the tens digit of 568072457?
5
What is the hundred millions digit of 1285712654?
2
What is the hundred thousands digit of 1693697708?
6
What is the tens digit of 1014884880?
8
What is the ten millions digit of 174522829?
7
What is the ten millions digit of 30662223?
3
What is the units digit of 3148257727?
7
What is the units digit of 420806108?
8
What is the hundreds digit of 290538776?
7
What is the thousands digit of 210679384?
9
What is the thousands digit of 2443384162?
4
What is the hundreds digit of 342913098?
0
What is the tens digit of 57863983?
8
What is the hundred thousands digit of 335292868?
2
What is the units digit of 9893807?
7
What is the thousands digit of 60088803?
8
What is the millions digit of 136348863?
6
What is the hundreds digit of 1864295?
2
What is the millions digit of 287355682?
7
What is the tens digit of 4863202521?
2
What is the hundred thousands digit of 201110?
2
What is the ten millions digit of 3264331797?
6
What is the tens digit of 1321738?
3
What is the hundred thousands digit of 210761720?
7
What is the hundred thousands digit of 907145673?
1
What is the units digit of 5936356057?
7
What is the tens digit of 47467513?
1
What is the units digit of 429370830?
0
What is the millions digit of 662020972?
2
What is the hundred thousands digit of 407045188?
0
What is the ten millions digit of 1988343605?
8
What is the millions digit of 2216730885?
6
What is the ten thousands digit of 27825832?
2
What is the ten millions digit of 648181086?
4
What is the hundreds digit of 44815830?
8
What is the ten millions digit of 335221435?
3
What is the ten thousands digit of 125249981?
4
What is the tens digit of 1183556784?
8
What is the tens digit of 206993131?
3
What is the hundreds digit of 99219828?
8
What is the thousands digit of 365090530?
0
What is the tens digit of 2345187837?
3
What is the units digit of 741801774?
4
What is the hundred thousands digit of 1017152905?
1
What is the thousands digit of 139925498?
5
What is the hundred millions digit of 2803345841?
8
What is the millions digit of 72597698?
2
What is the units digit of 192070893?
3
What is the thousands digit of 57951986?
1
What is the ten thousands digit of 183934791?
3
What is the thousands digit of 1486773249?
3
What is the hundred thousands digit of 25473642?
4
What is the units digit of 167319300?
0
What is the billions digit of 1040653192?
1
What is the tens digit of 44719674?
7
What is the thousands digit of 1191326803?
6
What is the ten thousands digit of 15505385?
0
What is the hundred thousands digit of 71168245?
1
What is the units digit of 21102890?
0
What is the units digit of 1192628514?
4
What is the thousands digit of 948137522?
7
What is the billions digit of 2898342629?
2
What is the tens digit of 64925948?
4
What is the hundreds digit of 738155470?
4
What is the tens digit of 156616156?
5
What is the ten millions digit of 286266244?
8
What is the hundred thousands digit of 4172948079?
9
What is the hundred millions digit of 659610717?
6
What is the tens digit of 81643814?
1
What is the hundred thousands digit of 3367467653?
4
What is the ten thousands digit of 162591847?
9
What is the ten millions digit of 327424647?
2
What is the hundred thousands digit of 155036051?
0
What is the ten millions digit of 299184466?
9
What is the hundreds digit of 71508083?
0
What is the ten millions digit of 144253073?
4
What is the millions digit of 2245234363?
5
What is the thousands digit of 74302901?
2
What is the ten millions digit of 13266778?
1
What is the ten millions digit of 46040339?
4
What is the hundred thousands digit of 291828776?
8
What is the hundreds digit of 123957854?
8
What is the millions digit of 542925164?
2
What is the ten millions digit of 255290536?
5
What is the thousands digit of 53718772?
8
What is the hundred thousands digit of 144827020?
8
What is the units digit of 58511325?
5
What is the ten millions digit of 237193711?
3
What is the hundreds digit of 152972598?
5
What is the units digit of 4508614864?
4
What is the ten millions digit of 1211957116?
1
What is the thousands digit of 9503695?
3
What is the thousands digit of 6264744?
4
What is the hundreds digit of 11685170?
1
What is the ten millions digit of 14394800?
1
What is the ten millions digit of 26052692?
2
What is the hundred millions digit of 137397681?
1
What is the ten thousands digit of 273950809?
5
What is the millions digit of 6403628565?
3
What is the units digit of 59201766?
6
What is the hundred thousands digit of 209047348?
0
What is the tens digit of 105693765?
6
What is the units digit of 3200978392?
2
What is the units digit of 697343638?
8
What is the thousands digit of 34315736?
5
What is the ten millions digit of 424247110?
2
What is the tens digit of 85984025?
2
What is the millions digit of 187127079?
7
What is the millions digit of 67741349?
7
What is the ten thousands digit of 271313332?
1
What is the ten millions digit of 142123987?
4
What is the ten millions digit of 1228259111?
2
What is the thousands digit of 66324004?
4
What is the tens digit of 1296550108?
0
What is the hundred millions digit of 5892836217?
8
What is the ten thousands digit of 64607251?
0
What is the hundred thousands digit of 110272856?
2
What is 